1001 and 13?
13
Calculate the highest common divisor of 140 and 2996.
28
What is the highest common divisor of 5226 and 1326?
78
What is the greatest common factor of 242 and 550?
22
Calculate the highest common factor of 11978 and 226.
226
Calculate the greatest common factor of 160 and 256.
32
What is the highest common factor of 1826 and 6?
2
Calculate the greatest common factor of 377 and 261.
29
What is the highest common factor of 27 and 3?
3
What is the highest common factor of 27 and 11?
1
What is the greatest common factor of 5 and 625?
5
What is the highest common divisor of 27 and 621?
27
Calculate the highest common divisor of 24 and 708.
12
Calculate the highest common factor of 135 and 1161.
27
What is the greatest common factor of 4086 and 36?
18
What is the greatest common divisor of 418 and 380?
38
Calculate the highest common factor of 289 and 68.
17
Calculate the highest common divisor of 413 and 28.
7
Calculate the highest common factor of 48 and 5360.
16
Calculate the greatest common factor of 342 and 54.
18
Calculate the highest common factor of 14132 and 8.
4
Calculate the greatest common factor of 323 and 1216.
19
Calculate the highest common divisor of 4829 and 11.
11
What is the greatest common factor of 1043 and 745?
149
What is the greatest common divisor of 285 and 45?
15
Calculate the highest common divisor of 98 and 61299.
49
What is the greatest common factor of 6655 and 121?
121
Calculate the highest common factor of 656 and 123.
41
Calculate the greatest common factor of 178 and 1246.
178
What is the highest common factor of 850 and 544?
34
Calculate the greatest common divisor of 31 and 5.
1
Calculate the greatest common factor of 77 and 913.
11
What is the highest common factor of 11610 and 18?
18
Calculate the greatest common factor of 2419 and 205.
41
Calculate the highest common factor of 42620 and 60.
20
Calculate the greatest common factor of 546 and 130.
26
What is the highest common divisor of 120 and 380?
20
What is the greatest common divisor of 8832 and 276?
276
What is the greatest common factor of 2121 and 21?
21
What is the highest common factor of 56 and 1736?
56
What is the greatest common factor of 7 and 20489?
7
What is the highest common divisor of 125 and 1375?
125
Calculate the greatest common factor of 14 and 35.
7
What is the highest common divisor of 94 and 6?
2
Calculate the greatest common divisor of 356 and 52.
4
Calculate the greatest common divisor of 33 and 72.
3
What is the greatest common factor of 2983 and 19?
19
What is the highest common divisor of 8 and 188?
4
What is the highest common factor of 27 and 3429?
27
Calculate the greatest common factor of 208 and 128.
16
What is the highest common divisor of 6 and 84?
6
Calculate the greatest common divisor of 342 and 38.
38
Calculate the highest common factor of 9 and 103.
1
Calculate the greatest common factor of 220 and 20.
20
What is the highest common divisor of 654 and 6?
6
What is the highest common factor of 120 and 48?
24
What is the highest common factor of 108 and 48?
12
What is the greatest common factor of 1892 and 88?
44
Calculate the highest common divisor of 29706 and 6.
6
Calculate the greatest common divisor of 330 and 88.
22
Calculate the greatest common divisor of 21423 and 579.
579
Calculate the highest common divisor of 380 and 40.
20
Calculate the highest common factor of 91 and 77.
7
Calculate the highest common factor of 1573 and 143.
143
What is the highest common factor of 1209 and 39?
39
Calculate the highest common divisor of 90 and 18.
18
What is the highest common divisor of 1394 and 82?
82
What is the greatest common factor of 28 and 2?
2
What is the highest common factor of 1287 and 45?
9
What is the greatest common factor of 5053 and 815?
163
Calculate the greatest common divisor of 378 and 18.
18
What is the highest common factor of 32 and 32?
32
Calculate the highest common factor of 1078 and 286.
22
What is the highest common factor of 88 and 24?
8
Calculate the highest common divisor of 87 and 232.
29
Calculate the greatest common factor of 350 and 700.
350
Calculate the greatest common factor of 121 and 33.
11
What is the greatest common divisor of 22 and 1793?
11
What is the highest common factor of 13 and 416?
13
Calculate the greatest common divisor of 7704 and 48.
24
Calculate the highest common factor of 20 and 25.
5
Calculate the highest common factor of 56 and 413.
7
What is the greatest common factor of 23 and 71?
1
Calculate the highest common factor of 2782 and 2.
2
What is the greatest common factor of 5 and 20?
5
Calculate the greatest common divisor of 4 and 326.
2
Calculate the highest common divisor of 45 and 18.
9
Calculate the highest common divisor of 280 and 16.
8
What is the highest common divisor of 72 and 8712?
72
What is the highest common factor of 1096 and 64?
8
What is the greatest common factor of 192 and 264?
24
Calculate the highest common factor of 21 and 385.
7
Calculate the greatest common factor of 32399 and 179.
179
Calculate the greatest common divisor of 22572 and 36.
36
Calculate the greatest common factor of 493 and 2929.
29
What is the greatest common divisor of 25 and 1180?
5
What is the greatest common divisor of 2938 and 169?
13
Calculate the greatest common divisor of 946 and 44.
22
What is the greatest common factor of 153 and 9724?
17
What is the highest common divisor of 1816 and 2497?
227
Calculate the highest common factor of 61 and 4575.
61
What is the highest common factor of 58234 and 22?
22
What is the highest common divisor of 9112 and 136?
136
What is the greatest common divisor of 182 and 56?
14
What is the highest common factor of 25912 and 24?
8
Calculate the greatest common factor of 46 and 19550.
46
Calculate the greatest common divisor of 992 and 31.
31
What is the greatest common factor of 122 and 2?
2
What is the greatest common factor of 10 and 78?
2
What is the highest common factor of 170 and 136?
34
Calculate the greatest common divisor of 208 and 72.
8
What is the highest common factor of 506 and 121?
11
Calculate the highest common divisor of 152 and 2451.
19
Calculate the highest common factor of 1421 and 392.
49
What is the highest common divisor of 630 and 198?
18
What is the highest common factor of 4 and 1492?
4
What is the greatest common divisor of 600 and 36?
12
Calculate the greatest common factor of 39 and 8229.
39
Calculate the highest common factor of 219 and 4453.
73
Calculate the highest common factor of 3570 and 294.
42
Calculate the highest common factor of 18 and 2178.
18
What is the highest common factor of 65249 and 71?
71
What is the greatest common divisor of 4 and 164?
4
Calculate the highest common factor of 17 and 17.
17
Calculate the greatest common factor of 160 and 380.
20
Calculate the greatest common factor of 12789 and 27.
9
What is the greatest common factor of 13 and 949?
13
What is the greatest common divisor of 273 and 117?
39
Calculate the highest common divisor of 62374 and 52.
26
Calculate the highest common divisor of 24 and 1224.
24
What is the greatest common divisor of 94 and 1880?
94
What is the greatest common divisor of 154 and 539?
77
What is the highest common divisor of 186 and 992?
62
What is the highest common factor of 33 and 627?
33
Calculate the highest common factor of 7911 and 586.
293
What is the greatest common divisor of 198 and 432?
18
Calculate the greatest common factor of 226 and 1695.
113
What is the greatest common factor of 4365 and 72?
9
What is the highest common divisor of 5475 and 1875?
75
What is the highest common divisor of 1760 and 22?
22
Calculate the highest common factor of 6364 and 370.
74
What is the greatest common factor of 4602 and 2242?
118
Calculate the highest common divisor of 632 and 40.
8
Calculate the greatest common factor of 272 and 170.
34
What is the highest common divisor of 327 and 3?
3
Calculate the highest common factor of 3900 and 60.
60
What is the highest common divisor of 992 and 96?
32
Calculate the greatest common divisor of 156 and 144.
12
Calculate the highest common divisor of 748 and 340.
68
Calculate the greatest common divisor of 1276 and 88.
44
What is the greatest common divisor of 861 and 1680?
21
Calculate th